t is k(21)?
33
Let k(s) = -7333*s - 9283557. Give k(-1266).
21
Let t(u) = 229706*u + 4823842. Calculate t(-21).
16
Let c(t) = -t**3 + 2281*t**2 - 11376*t - 13. Give c(5).
7
Let w(t) = 2084*t - 5269. Give w(3).
983
Let u(g) = -g**3 + 34*g + 38. Calculate u(-10).
698
Let h(j) = -j**2 + 7245*j + 43522. Give h(-6).
16
Let p(l) = -28392*l - 312297. Determine p(-11).
15
Let s(h) = -64*h + 9086. Give s(130).
766
Let q(l) = l**2 + 5494*l - 322025. Calculate q(58).
-9
Let k(r) = -5*r**3 - 208*r**2 + 850*r + 8. Determine k(4).
-240
Let l(c) = -3*c**2 - 14075*c - 98369. Give l(-7).
9
Let b(f) = 21*f**3 + 2*f**2 + 4*f - 4. Give b(2).
180
Let p(h) = -10*h**3 - h**2 + 109*h + 53. What is p(-3)?
-13
Let k(p) = -54*p**2 + 3339*p - 48234. Calculate k(23).
-3
Let f(y) = 8*y**2 + 300*y - 1212. Give f(4).
116
Let h(l) = 7558*l + 158711. What is h(-21)?
-7
Let u(h) = 6*h**3 + 47*h**2 - 128*h - 993. What is u(-7)?
148
Let g(n) = 2*n**2 + 6*n - 23. Give g(-15).
337
Let x(y) = 13*y**2 - 5230*y - 14182. Determine x(405).
-7
Let r(n) = n**2 + 40*n - 19056. Determine r(-159).
-135
Let y(u) = u**3 + 21*u**2 - 208*u - 71. Calculate y(-28).
265
Let o(u) = -3308*u - 138947. Calculate o(-42).
-11
Let b(u) = -25073*u - 74623. Give b(-3).
596
Let x(a) = 1113*a - 67624. Determine x(61).
269
Let q(s) = 39*s**2 - 886*s + 61. Determine q(22).
-555
Let z(w) = -4*w**2 + 2616*w - 173700. What is z(579)?
0
Let f(t) = -21*t**2 - 1240*t - 9826. What is f(-8)?
-1250
Let g(v) = 2*v**2 - 1389*v + 9668. Give g(7).
43
Let w(u) = u**3 - 265*u**2 - 31842*u + 9713. Determine w(-90).
-7
Let y(s) = -s**3 + 183*s**2 - 7948*s + 156. Calculate y(71).
440
Let f(q) = -q**2 - 1805*q + 16307. What is f(9)?
-19
Let h(m) = -348269*m + 26816713. Determine h(77).
0
Let s(b) = -469504*b + 938914. Give s(2).
-94
Let n(o) = 17*o**3 - 369*o**2 - 104*o - 122. Give n(22).
10
Let d(q) = 2*q**2 + 18*q - 157. What is d(17)?
727
Let l(t) = -t + 152. Give l(137).
15
Let w(p) = p**2 - 347*p - 46919. Determine w(-104).
-15
Let g(i) = 27*i**2 + 57467*i - 149171. What is g(-2131)?
-1
Let w(k) = 3856*k + 30783. Determine w(-8).
-65
Let o(f) = -f**2 + 4932*f + 8154378. Determine o(-1307).
5
Let a(i) = 3*i**3 + 220*i**2 - 157*i - 246. Calculate a(-74).
420
Let d(c) = -24531*c + 14080803. Determine d(574).
9
Let o(g) = 1134*g + 275657. Calculate o(-243).
95
Let f(p) = -10*p**2 + 69*p + 294. Give f(9).
105
Let k(v) = -643*v + 27160. Give k(41).
797
Let q(s) = 62*s**3 - 4*s**2 + 90*s + 238. Determine q(-3).
-1742
Let x(n) = 2*n**3 + 42*n**2 - 2448*n - 52893. Determine x(-22).
-5
Let v(z) = z**3 - 441*z**2 + 10006*z + 816. Calculate v(417).
-18
Let n(z) = -397*z**2 + 2798*z - 141. Give n(7).
-8
Let n(v) = -v**2 - 133*v - 3164. Calculate n(-80).
1076
Let z(l) = -117*l - 5870. Give z(-50).
-20
Let m(j) = 2*j**3 - 149*j**2 - 89*j + 892. What is m(75)?
-158
Let u(a) = 115*a**2 - 14698*a - 2880. What is u(128)?
-64
Let i(c) = 66*c**3 + 28*c**2 - 2*c + 4. Determine i(-1).
-32
Let u(x) = 1441*x - 175821. Give u(122).
-19
Let x(m) = -1735*m + 38006. What is x(22)?
-164
Let p(b) = 161*b**2 - 5*b - 27. Calculate p(-2).
627
Let f(j) = 85*j**2 + 240*j + 57. Give f(2).
877
Let c(f) = -640*f**3 - 19202*f**2 - 50*f + 305. Determine c(-30).
5
Let n(f) = -297*f + 129876. What is n(437)?
87
Let y(t) = 39578*t - 1108182. Calculate y(28).
2
Let z(s) = -9*s**3 - 81*s**2 + 82*s + 47. Give z(-10).
127
Let a(w) = 53*w**2 + 27754*w + 73447. Give a(-521).
-14
Let o(p) = -1306007*p + 2612061. What is o(2)?
47
Let a(q) = -q**3 - 186*q**2 - 565*q - 731. Give a(-183).
2197
Let u(g) = 25*g**3 + 40*g**2 + 104*g + 185. Determine u(-2).
-63
Let n(l) = l**3 - 14*l**2 - 438*l + 5568. Determine n(12).
24
Let d(v) = 6*v**2 - 8*v - 97. Give d(-12).
863
Let h(y) = y**3 + 16*y**2 + 5937*y + 107521. Determine h(-18).
7
Let y(o) = -11*o**2 + 2979*o + 11901. Calculate y(-4).
-191
Let d(t) = 4*t**3 - 64*t**2 + 121*t + 143. What is d(13)?
-312
Let b(l) = -2*l**2 - 29*l + 7393. Give b(-61).
1720
Let d(m) = m**3 + 31*m**2 + 196*m + 248. What is d(-22)?
292
Let f(j) = 915*j + 1529. Calculate f(-2).
-301
Let y(u) = -50*u**3 + 547*u**2 + 26*u - 146. Give y(11).
-223
Let q(r) = -74915*r + 299639. Give q(4).
-21
Let v(c) = 4*c**2 - 534*c + 4491. Determine v(9).
9
Let m(k) = -125648*k - 1130826. What is m(-9)?
6
Let l(h) = 5069*h - 1241935. What is l(245)?
-30
Let j(x) = -73*x**3 - 12*x**2 + 20*x + 5. What is j(-1)?
46
Let w(x) = 1856*x**2 + 25982*x + 22. Determine w(-14).
50
Let g(y) = -129*y - 927. What is g(-7)?
-24
Let d(w) = 10*w**3 - 65*w**2 - 373*w + 45. What is d(-6)?
-2217
Let y(k) = -10257*k + 471718. Give y(46).
-104
Let b(s) = s**3 + 13*s**2 + 5022*s - 30154. Calculate b(6).
662
Let c(f) = -266*f**2 - 175031*f - 1966. Determine c(-658).
8
Let q(j) = 32*j**3 + 7*j**2 + 71*j - 151. Determine q(2).
275
Let y(a) = -383*a + 4596. Calculate y(12).
0
Let d(b) = b**3 + 24*b**2 - 677*b - 537. Give d(-41).
-1357
Let b(k) = k**2 - 9154*k + 3308958. What is b(377)?
29
Let s(j) = -11*j**2 + 184*j + 2518. Calculate s(26).
-134
Let i(o) = -20086*o**2 - 40127*o - 1. Determine i(-2).
-91
Let s(m) = -374181*m + 1496606. Calculate s(4).
-118
Let x(l) = -9*l**3 + 95*l**2 - 102*l + 611. Calculate x(10).
91
Let t(c) = -92201*c - 737609. What is t(-8)?
-1
Let w(v) = 226*v + 87626. Give w(-388).
-62
Let k(t) = 33751*t**2 + 168790*t - 6. Give k(-5).
-181
Let y(n) = -3334*n + 277002. Determine y(83).
280
Let x(w) = -200*w + 127. Determine x(3).
-473
Let n(u) = 755*u - 18109. What is n(24)?
11
Let g(u) = 12*u**3 - 34*u**2 + 428*u - 1305. Give g(3).
-3
Let z(s) = 43503*s - 9918661. What is z(228)?
23
Let h(z) = -147*z**2 + 176*z + 538. What is h(-3)?
-1313
Let z(g) = 1251*g + 13791. Calculate z(-11).
30
Let i(v) = 2*v**2 - 12280*v + 61402. Calculate i(5).
52
Let d(r) = -3*r**3 - 28*r**2 - 179*r - 2257. What is d(-11)?
317
Let t(i) = 234*i - 2816. What is t(15)?
694
Let l(h) = -43*h**3 + 3183*h**2 - 46*h - 1959. Determine l(74).
113
Let d(j) = -2*j**3 - 335*j**2 - 1632*j - 28. Give d(-5).
7
Let h(m) = -m**2 + 1844*m + 73438. Give h(-39).
1
Let n(g) = -228*g**2 + 768*g + 7. Calculate n(5).
-1853
Let p(j) = 1193*j**2 + 184917*j + 316. Determine p(-155).
6
Let i(w) = 214*w**2 - 16269*w + 435. Calculate i(76).
55
Let t(c) = c**3 + 7*c**2 - 870*c - 8821. What is t(-27)?
89
Let w(t) = -t**2 - 29291*t + 234383. What is w(8)?
-9
Let j(x) = -17*x**2 + 23*x - 73. Calculate j(2).
-95
Let r(x) = -124*x**2 - 323*x + 12. What is r(-3)?
-135
Let p(g) = 818*g + 15551. Determine p(-19).
9
Let z(t) = t**3 + 95*t**2 + 2170*t - 1798. Give z(-41).
6
Let z(v) = 1310*v - 4217. What is z(5)?
2333
Let r(k) = -2037977*k - 14265816. What is r(-7)?
23
Let y(s) = -s**3 - 113*s**2 + 1926*s + 738. Calculate y(-128).
-30
Let b(s) = -45*s + 5157. What is b(116)?
-63
Let s(o) = -391*o + 5741. Determine s(15).
-124
Let a(i) = 803*i + 12057. What is a(-15)?
12
Let c(b) = -14*b**3 - 24*b**2 + 63*b + 146. Determine c(-2).
36
Let s(w) = -w**2 + 42*w + 3647. Determine s(86).
-137
Let r(f) = 200*f + 8646. Calculate r(-37).
1246
Let q(x) = -72285*x + 7. Give q(0).
7
Let w(v) = 2807*v - 56181. What is w(20)?
-41
Let f(i) = -162*i**2 + 294*i + 1123. Give f(-4).
-2645
Let q(d) = 2316*d - 171568. Determine q(74).
-184
Let x(j) = 2529*j - 389582. Give x(154).
-116
Let u(k) = 21*k**2 - 2396*k + 227. Calculate u(114).
-1
Let j(u) = 468*u**2 - 1356*u - 60. What is j(3)?
84
Let o(k) = -11*k**2 + 192*k + 686. Give o(0).
686
Let r(c) = -75*c**2 - 35*c - 1. Give r(4).
-1341
Let i(r) = -r**3 + 238*r**2 - 498*r + 5930. Determine i(236).
-206
Let m(z) = -z**3 + 126*z**2 - 3967*z - 49. What is m(64)?
15
Let q(t) = -2*t**3 - 38*t**2 + 1351*t + 25119. Give q(-18).
153
Let n(c) = 2*c**3 - 32*c**2 - 3758*c + 60070. Give n(16).
-58
Let y(f) = 25*f**2 + 572*f + 7. Give y(-23).
76
Let i(j) = -j**3 + 250*j**2 + 9344*j + 105. What is i(-33)?
-60
Let x(y) = -y**3 + 57*y**2 + 2169*y - 802. Determine x(83).
111
Let j(g) = -g**3 - 188*g**2 - 5218*g + 663. Calculate j(-34).
51
Let h(u) = u**3 - 9*u**2 + 328*u - 1578. What is h(5)?
-38
Let h(r) = -156513*r + 156522. What is h(1)?
9
Let c(s) = -406*s - 4558. What is c(-11)?
-92
Let i(w) = -43947*w + 263725. Calculate i(6).
43
Let x(u) = u**3 - 4*u**2 - 66166*u + 330820. Give x(5).
15
Let m(r) = -r**2 + 90*r - 1639. 